divided by 7?
6
Let p = 43 + -13. Let v(z) = 2*z**2 + 80*z - 548. What is the remainder when p is divided by v(6)?
2
Suppose -33*c + 61*c = 112. Suppose -c*h - 4*z = -70 - 50, 4*z = 3*h - 90. Calculate the remainder when 83 is divided by h.
23
Let i = -35430 - -35495. Calculate the remainder when 9550 is divided by i.
60
Suppose 10 = q - 3*d - 7, -5*q + 3*d + 25 = 0. Suppose -q*g - b + 203 = 0, 2*g - 5*b = -18 + 251. Calculate the remainder when g is divided by 15.
14
Suppose -14*o + 1083 = 5*o - 665. What is the remainder when 145 is divided by o?
53
Let k(u) = 12*u + 763. What is the remainder when k(-29) is divided by 142?
131
Let j(g) = g**2 + 32*g - 491. Suppose 0 = -5*n + 14*n - 1089. Calculate the remainder when n is divided by j(-44).
10
Let k = 943 + -1481. Let n = -535 - k. What is the remainder when 7 is divided by n?
1
Let h(c) = c**3 - 57*c**2 + 113*c + 296. What is the remainder when h(55) is divided by 95?
81
Let r = 643 + -609. Calculate the remainder when 6/3 - 4 - -103 is divided by r.
33
Let w(n) = -2*n**3 + 33*n**2 + 20*n - 18. Let j be w(17). Let z = 60 - j. What is the remainder when 79 is divided by z?
25
Let l(i) be the second derivative of i**5/20 - 5*i**4/4 - 9*i**3/2 - 18*i**2 + 81*i. Calculate the remainder when l(17) is divided by 18.
11
Let a(w) = -562*w + 3500. Calculate the remainder when a(5) is divided by 56.
18
Suppose -90 = -2*d + 162. Suppose 0 = -2*b - b - d. Let r = 161 + b. Calculate the remainder when r is divided by 30.
29
Suppose 0 = m - 196 - 273. Suppose -637 = -7*a + m. What is the remainder when a is divided by 36?
14
Let k(v) = v**3 + 6*v**2 - 4*v - 3. Let r be k(-4). Let i be (-6*(-6)/r)/((-4)/(-90)). Suppose -i = -d + 138. What is the remainder when d is divided by 32?
28
Suppose 0 = -n - 225 + 231, 0 = 5*l + n - 3301. Calculate the remainder when 665 is divided by l.
6
Suppose -j + 6 = j. Suppose -5*u + 10 = 0, 3*u = -5*w + 33 - 2. Suppose m + 4*s = 14, 0 = -5*m - w*s + 15 + 55. Calculate the remainder when m is divided by j.
2
What is the remainder when (-126)/504*(-12360)/3 is divided by 340?
10
Suppose 0 = -107*c + 111*c - 1748. Let q = -134 + c. What is the remainder when q is divided by 22?
17
Suppose 6049 = 11*t - 661. Calculate the remainder when t is divided by 85.
15
Let y = 331 - 338. Let x(u) = -4*u**2 - 28*u + 2. What is the remainder when x(y) is divided by 1?
0
Let y(d) = -d**2 - d + 2. Let u be y(2). Let b = 126 - u. Suppose -50*g - 1650 = -100*g. Calculate the remainder when b is divided by g.
31
Let p be (-2)/(((-10)/8)/5). Suppose p*d + 69 = 21. Let c = d - -60. What is the remainder when c is divided by 14?
12
Let w(l) = l**2 - 115*l + 248. What is the remainder when w(118) is divided by 32?
26
Let z = 124 - 120. Suppose m = -w + 4*w + 20, -5*w = -z*m + 45. Calculate the remainder when 189 is divided by m.
4
Let w = -4 - -10. Let a(t) = 5*t**3 + 6*t**2 - 7*t + 15. Let y be a(-6). Let g = y - -820. What is the remainder when g is divided by w?
1
Let a(x) = -525*x**2 - 41*x + 85. Suppose 0*s + 3*s = 2292. Calculate the remainder when s is divided by a(0).
84
Let k = -273 + 549. Let h = k + -201. Calculate the remainder when h is divided by 7.
5
Let s be (-68)/2*(-481)/(-74). Let b = s + 223. What is the remainder when 6 is divided by b?
0
Let j(f) = -2*f**3 + 25*f**2 + 6*f - 36. Calculate the remainder when 396 is divided by j(11).
3
Let r = -22099 - -22278. What is the remainder when r is divided by 130?
49
Let b = -1174 - -2475. Suppose -3*j = -5*v - 536, -5*j + b = -v + 393. What is the remainder when j is divided by 60?
2
Let l(s) = 618*s + 57. Let m be l(2). Let q = m - 350. Calculate the remainder when q is divided by 15.
13
Let u(s) = 4*s**2 - 122*s + 473. What is the remainder when 1617 is divided by u(26)?
2
Calculate the remainder when (-12 - (-417)/2)/2*(5 - 1) is divided by 42.
15
Let r(h) = 3*h + 61. Let t be r(-7). Suppose t = k + 4*y + y, 4*k + 2*y - 106 = 0. Calculate the remainder when 72 is divided by k.
22
Let d(g) = -63*g**2 + 11*g - 19. Let c be d(2). Let f = c + 263. Let i(s) = s**2. Calculate the remainder when f is divided by i(3).
5
Suppose -2*o + 5 - 31 = 5*s, 3*o - 7 = 4*s. Let c = 20 - o. What is the remainder when (-4)/16 + (3 - (-253)/4) is divided by c?
20
Suppose -4*x - 3*n - 1450 = -5*n, 4*x + 2*n + 1430 = 0. Let q = x - -549. Calculate the remainder when q is divided by 64.
61
Suppose 77 = d - 5*b, 0 = 52*b - 50*b + 6. Calculate the remainder when 298 is divided by d.
50
Let g = 78 - 72. Let u(h) = h**3 - 4*h**2 + 2*h - 1. What is the remainder when u(g) is divided by 22?
17
Suppose 0 = 3*p - 4*m + 9*m - 114, 0 = 7*p + 5*m - 286. What is the remainder when 153 is divided by p?
24
Let t = 13 - -41. Let d = -2961 - -3068. Calculate the remainder when d is divided by t.
53
Let m be -368 + 0 - 10/(-5). Let g = m - -790. Suppose 0 = 4*w + 2*c - 542, -3*w + 3*c = c - g. What is the remainder when w is divided by 35?
33
Suppose -51*l + 55 = o - 47*l, -5*o - 3*l + 207 = 0. Let f = o - 14. What is the remainder when 322 is divided by f?
22
Let k(m) = -7*m**2 + m - 3*m**2 + m**3 + 12*m**2 + 24 + 12*m**2. What is the remainder when 74 is divided by k(-14)?
4
Suppose -3*q + 354 = 5*p, 3*p + 402*q - 406*q - 224 = 0. Calculate the remainder when 300 is divided by p.
12
Let k(h) = 17*h - 158. Let y be k(9). What is the remainder when 0 - -7 - (y - 190) is divided by 51?
49
Let k = 20 - 8. Suppose 0 = -36*p - 62 - 478. Let a(r) = r**2 + 11*r - 51. Calculate the remainder when k is divided by a(p).
3
Let n(k) = -k**2 + 29*k - 103. What is the remainder when 4296 is divided by n(24)?
12
Let d(p) = -104*p + 1. Let n be d(1). Let k = n + 106. Suppose -2*a + 0*s + 33 = k*s, 68 = 2*a - 4*s. Calculate the remainder when 67 is divided by a.
19
Calculate the remainder when 2102 is divided by ((-96)/60 - -1)/((-12)/760).
12
Suppose -2*q - 65 = -4*f - 5*q, 0 = -4*f + 2*q + 50. Let r = -22 + 31. Suppose 269 = -r*g + 755. What is the remainder when g is divided by f?
12
Suppose -5*p + 42 = -78. Let c be (-182)/2093 - 188/(-46). Suppose c*m - 2*m = p. Calculate the remainder when 57 is divided by m.
9
Suppose -21 = -3*z + 189. Let y(k) = -k**3 + 120*k**2 + k - 162. Let s be y(120). Let o = z + s. What is the remainder when 138 is divided by o?
26
Let j be (-1)/(5 + -5 + 1). Let i be ((-48)/9)/j*24. Let k = i - 103. Calculate the remainder when 44 is divided by k.
19
Let z be (-8)/(-1*4/256). Let y = z + -250. Calculate the remainder when y is divided by 25.
12
Let w = 666 + -366. What is the remainder when w is divided by (33/(-4))/(5073/(-47348))?
69
Let x(c) = 813*c - 3203. What is the remainder when x(4) is divided by (-202)/(-8) + (-2)/8?
24
Let r(k) = k**3 - 10*k**2 - 6*k + 6. Let z(g) = -g**2 + 28*g + 5. Let t = -266 + 289. What is the remainder when z(t) is divided by r(11)?
59
Suppose 5*x = -6*r + 5155, -8*x + 3*x - 2*r + 5155 = 0. Calculate the remainder when x is divided by 20.
11
Suppose v + 4*i = 182, 4*v + 3*i = -i + 704. Let x = v + -296. What is the remainder when (x/8)/((-13)/4 + 3) is divided by 21?
19
Calculate the remainder when 2176 is divided by (212/424)/(1/132).
64
Let k be (-10)/(-8) - 20656/(-64). Suppose k = 15*d - 6*d. Calculate the remainder when 176 is divided by d.
32
What is the remainder when 72 is divided by (-576)/(-26) + (-5)/(-455)*-14?
6
Let v(s) = 4*s**2 + 6*s + 5. Let n(i) = 2*i**2 - 27*i + 41. Let o be n(13). What is the remainder when v(-4) is divided by o - 3*(4/(-3))/(-1)?
21
Let y be ((-30)/51)/(-5) + 38568/(-102). Let s = -344 - y. Calculate the remainder when s is divided by 16.
2
Suppose -2*h = 2*b - 6*b - 8, -5*b = -3*h + 9. Let y be -3*2/b*-2. What is the remainder when 30 is divided by (y/(-1) - -3)/1?
2
What is the remainder when (-99)/(-2)*2*(-110)/(-10) is divided by 3?
0
Let n(o) = o**2 - 10*o + 21. Let p = -56 + 105. Suppose -p = -5*t + c, -3*c = 1 + 11. Calculate the remainder when 45 is divided by n(t).
9
Suppose -23*h - 3*s = -24*h + 850, -2*h + 3*s = -1682. What is the remainder when h is divided by 142?
122
Suppose -5*j + 13960 = -3*x + 1377, 4 = x. What is the remainder when j is divided by 20?
19
Let a be 126/33 - (-2)/11. Suppose -t = 4*r + 413, -a*t = 4*r - 0*r + 404. Calculate the remainder when r/(-7) -